751 (base 9) to base 6
-5244414
What is 21b158 (base 15) in base 6?
54234532
Convert -2b777 (base 14) to base 11.
-74570
Convert -63203510 (base 7) to base 4.
-110111003030
2320232010 (base 4) to base 12
305a30
Convert 2096a9 (base 11) to base 5.
41204201
Convert -10112002110111 (base 3) to base 15.
-26e88a
-3850345 (base 10) to base 4
-32230001221
Convert -347703 (base 10) to base 11.
-218264
21203530 (base 7) to base 13
4b01a2
What is -135b312 (base 12) in base 8?
-16552376
554525 (base 7) to base 4
113312030
Convert -90848 (base 13) to base 2.
-111111000110011101
What is -264add (base 14) in base 3?
-2111000201001
What is 1343100 (base 6) in base 2?
10010100001001100
-441005 (base 12) to base 7
-12115463
Convert -3167846 (base 11) to base 3.
-101111011222022
What is -12040410 (base 5) in base 10?
-111980
Convert -10110102201 (base 3) to base 5.
-4134423
Convert 131375 (base 9) to base 16.
1379c
-100000001001011010 (base 2) to base 11
-8aa24
3127e (base 15) to base 10
155819
Convert 11275050 (base 9) to base 14.
a29c05
What is -2407436 (base 9) in base 5?
-313221123
101011110001 (base 2) to base 13
1376
What is 5441461 (base 7) in base 14?
134831
Convert 312102132 (base 4) to base 9.
368023
What is -80497 (base 13) in base 3?
-102122112011
Convert 131c4 (base 13) to base 10.
35481
Convert 6601350 (base 8) to base 5.
423121331
What is 20213032 (base 4) in base 12?
184ba
Convert 4533 (base 15) to base 10.
14673
What is 2331212 (base 4) in base 6?
132102
What is -2011001200 (base 3) in base 9?
-64050
Convert 1012111240 (base 5) to base 3.
10212222122000
-4ee05 (base 15) to base 7
-2102222
What is 17b5c1 (base 13) in base 6?
20441021
-5aa48 (base 11) to base 13
-30c51
What is -121201202220 (base 3) in base 2?
-1010000011001111111
Convert -5cc80a (base 13) to base 11.
-1291136
Convert -475538 (base 9) to base 2.
-1000101111000000000
2121044 (base 5) to base 4
20232332
What is -ccadef (base 16) in base 6?
-1155301131
3325503 (base 6) to base 14
44cb5
1220253 (base 8) to base 11
20a524
Convert 1465c (base 16) to base 10.
83548
What is 1a0462 (base 14) in base 3?
1201212220210
What is 1100010111100000110 (base 2) in base 5?
100432004
Convert -158b6a (base 14) to base 15.
-ed68b
1002020221 (base 3) to base 6
242424
What is 775226 (base 8) in base 2?
111111101010010110
What is 2b0f2 (base 16) in base 6?
3440310
What is 1055546 (base 7) in base 5?
13203043
6827b (base 16) to base 14
b168b
Convert -101101101011011000111 (base 2) to base 10.
-1496775
Convert -c0137 (base 16) to base 13.
-217139
Convert -96737 (base 12) to base 5.
-22314133
What is 201212211201010 (base 3) in base 10?
10566642
What is -29400 (base 15) in base 6?
-2501313
Convert 17243652 (base 8) to base 13.
aa7c74
Convert -539984 (base 13) to base 16.
-1df61e
What is 4822 (base 16) in base 9?
27287
-3fc65 (base 16) to base 14
-6b2a9
What is 26112 (base 12) in base 9?
78285
What is -104074 (base 10) in base 8?
-313212
Convert -177009 (base 11) to base 14.
-71624
Convert -41342332 (base 5) to base 9.
-567767
Convert -2144141101 (base 5) to base 10.
-4677651
10123441 (base 7) to base 2
11001110101001000110
2140301 (base 6) to base 8
317615
-6859e7 (base 15) to base 10
-4980367
What is -11001322113 (base 4) in base 9?
-2428636
Convert -3bc59c (base 13) to base 11.
-904500
Convert -220100023331 (base 4) to base 14.
-1589709
Convert 1002220121201211 (base 3) to base 6.
1324414204
2d973 (base 16) to base 6
4000311
-88781 (base 14) to base 9
-553646
-12120022200 (base 3) to base 15
-22709
What is 221023310 (base 4) in base 5?
20344232
274312 (base 9) to base 13
5b142
Convert 82132 (base 10) to base 5.
10112012
What is -212203022 (base 4) in base 9?
-260532
What is 41a369 (base 12) in base 13?
2a2766
What is 24358304 (base 9) in base 6?
1103120221
-3947668 (base 10) to base 12
-13a4644
What is 4a28 (base 15) in base 9?
23582
What is -23132241 (base 5) in base 14?
-55d70
1357a41 (base 12) to base 13
a4a373
What is -47232432 (base 8) in base 11?
-58a7673
What is 1111212010211 (base 3) in base 15?
10d42a
Convert -8766a (base 15) to base 16.
-68ffb
Convert -59b25b (base 16) to base 13.
-12aa82a
What is 11262b3 (base 12) in base 11?
19456a4
What is -32111413 (base 5) in base 14?
-7037a
What is -7a38709 (base 11) in base 8?
-65522260
1554310 (base 6) to base 16
16b42
Convert 22656 (base 11) to base 8.
77733
-9c4413 (base 16) to base 9
-21238056
Convert -21781 (base 15) to base 10.
-106321
-21024527 (base 9) to base 7
-151652302
What is 1333443340 (base 5) in base 11?
1a27875
13110013032 (base 4) to base 15
27d1b0
Convert -7cb514 (base 15) to base 11.
-340197a
What is -1736250 (base 9) in base 7?
-11144133
What is -4465550 (base 7) in base 2?
-10000111010011110001
Convert -1a9172 (base 11) to base 6.
-10503452
Convert 859995 (base 16) to base 8.
41314625
Convert 6ddb0a (base 14) to base 12.
1316426
Convert -3148e (base 15) to base 7.
-1220432
Convert -1458892 (base 12) to base 5.
-2022200303
37bb1 (base 13) to base 9
166336
Convert -37b3 (base 14) to base 9.
-14345
Convert 9849326 (base 10) to base 13.
206b106
Convert 5a529 (base 12) to base 3.
20011221220
3286856 (base 12) to base 16
92fd42
13121133 (base 5) to base 4
133220013
What is -2213033313 (base 4) in base 15?
-d7e9c
-21012020010 (base 3) to base 10
-141591
Convert -46919 (base 12) to base 2.
-10111000110100101
-2212121210 (base 3) to base 16
-dd0a
3578394 (base 11) to base 15
831e94
Convert -115503143 (base 6) to base 7.
-24655344
What is -11050221 (base 7) in base 12?
-39b826
-112562 (base 10) to base 12
-55182
-11000100000111110001 (base 2) to base 9
-1453840
14474401 (base 8) to base 6
154521441
Convert -101000100000011000011001 (base 2) to base 16.
-a20619
Convert 131121240 (base 6) to base 3.
11211220122120
What is 11111123 (base 4) in base 11?
15465
What is 66740701 (base 8) in base 13?
2ca33b0
What is -10262041 (base 9) in base 5?
-2231120203
What is -1275637 (base 8) in base 4?
-1113232133
-10341200 (base 5) to base 7
-523621
-369765 (base 12) to base 13
-250ca0
What is -621d99 (base 15) in base 11?
-26a60aa
What is 5521114 (base 7) in base 12?
288091
438b15 (base 12) to base 11
67314a
What is -1dad43 (base 14) in base 16?
-10490f
-4335555 (base 6) to base 14
-5858b
Convert 261420 (base 8) to base 2.
10110001100010000
22323300 (base 5) to base 11
126213
What is -1492987 (base 10) in base 6?
-51555551
165280 (base 11) to base 7
2114004
-24a737 (base 15) to base 6
-101352311
-1c9ab75 (base 13) to base 6
-540550311
Convert 37d85 (base 16) to base 11.
146947
-2331222012 (base 4) to base 7
-6413556
What is -53766c (base 13) in base 12?
-7a5573
Convert 20021023 (base 5) to base 7.
1224405
Convert -328015 (base 9) to base 14.
-51683
Convert -5d857 (base 14) to base 4.
-320000111
1251213 (base 6) to base 12
33b09
70aa8 (base 13) to base 10
201755
Convert -161aa (base 12) to base 8.
-75222
Convert -13233402 (base 5) to base 15.
-298bc
Convert 8c8aa (base 13) to base 10.
256344
What is -198609 (base 10) in base 14?
-52545
181532 (base 10) to base 3
100020000102
Convert b16b74 (base 13) to base 2.
1111101111110010110000
800658 (base 10) to base 15
10c373
-200c33 (base 16) to base 13
-586c88
Convert 8182161 (base 9) to base 3.
22012202012001
Convert -20451524 (base 6) to base 14.
-117c4c
937223 (base 10) to base 7
10652300
-9b1022 (base 13) to base 8
-15750461
What is -f0e38 (base 16) in base 3?
-1212010110201
What is 212fe2 (base 16) in base 6?
114341110
Convert 3f7d65 (base 16) to base 11.
2392139
Convert 123312122021 (base 4) to base 10.
7300745
647cc (base 14) to base 10
243024
What is -100122110002001 (base 3) in base 5?
-2303021013
-2433311 (base 7) to base 5
-34422123
-312120323 (base 4) to base 3
-102022121002
-4434 (base 11) to base 2
-1011011010101
-24031001 (base 5) to base 13
-7962b
100101100100110011011 (base 2) to base 7
13315451
Convert 387217 (base 9) to base 10.
234916
111041221 (base 5) to base 4
1312322111
1617a7 (base 11) to base 12
101448
1001100111000100011 (base 2) to base 8
1147043
What is -b20338 (base 13) in base 15?
-56c369
Convert 230304040 (base 7) to base 11.
7a28573
What is -1112244 (base 11) in base 14?
-38aa05
What is -432d59 (base 16) in base 3?
-22021200010100
What is -1550301 (base 6) in base 5?
-10422000
-